{"id":12,"date":"2016-07-19T10:51:28","date_gmt":"2016-07-19T08:51:28","guid":{"rendered":"http:\/\/www.autocar-srl.com\/website\/?page_id=12"},"modified":"2017-06-13T19:23:27","modified_gmt":"2017-06-13T17:23:27","slug":"centro-revisioni-a-villa-san-pietro","status":"publish","type":"page","link":"https:\/\/www.autocar-srl.com\/website\/centro-revisioni-a-villa-san-pietro\/","title":{"rendered":"Centro Revisioni a Villa San Pietro"},"content":{"rendered":"<div class=\"wpb-content-wrapper\">[vc_row css=&#8221;.vc_custom_1469007824838{padding-top: 20px !important;background-color: #ffffff !important;}&#8221;][vc_column][vc_column_text]\n<p style=\"text-align: center;\"><span style=\"font-size: 21px;\">Centro Revisioni a Villa San Pietro<\/span><\/p>\n[\/vc_column_text][vc_separator css=&#8221;.vc_custom_1497374594782{padding-top: 10px !important;padding-bottom: 10px !important;}&#8221;][vc_column_text]\n<p class=\"highlight style3\" align=\"justify\"><strong>Autocar S.r.l. esegue con competenza e professionalit\u00e0 l&#8217;attivit\u00e0 di centro revisioni.<\/strong><\/p>\n<p>Per questo servizio siamo in grado di Revisionare Auto Moto Motocicli Tricicli, Quadricicli. La fascia degli automezzi arriva sino ai 35 q.li, e stiamo lavorando con i nuovi protocolli europei. Abbiamo inoltre la possibilit\u00e0 di preparare prima ancora di revisionare le auto con i necessari interventi di manutenzione e\/o riparazione.<\/p>\n<p><a class=\"Stile3\" href=\"mailto:Srl.autocar@tiscali.it?subject=richiesta%20di%20prenotazione%20revisione%20automezzo&amp;body=%20Si%20prega%20di%20inserire%20anche%20un%20contatto%20telefonico.%20Sarete%20ricontattati%20nel%20minor%20tempo%20possibile,%20grazie.%20\">Contattaci per prenotare la revisione del tuo automezzo<\/a><\/p>\n<p><strong>A seguire tutte le informazioni utili sull&#8217;argomento<\/strong><\/p>\n<p><strong>Quando fare la revisione<\/strong><br \/>\nLa revisione va effettuata entro 4 anni dalla prima immatricolazione e successivamente ogni 2 anni per:<br \/>\nAutovetture e autocaravan<br \/>\nMotoveicoli e ciclomotori<br \/>\nAutoveicoli adibiti al trasporto di cose o ad uso speciale e rimorchi di massa complessiva non superiore a 3,5 tonnellate<br \/>\nAutoveicoli per trasporto promiscuo<br \/>\n<a class=\"Stile2\" href=\"mailto:Srl.autocar@tiscali.it?subject=richiesta%20di%20prenotazione%20revisione%20automezzo&amp;body=%20Si%20prega%20di%20inserire%20anche%20un%20contatto%20telefonico.%20Sarete%20ricontattati%20nel%20minor%20tempo%20possibile,%20grazie.%20\">Contattaci per prenotare la revisione del tuo automezzo<\/a><\/p>\n<p><strong>La revisione va effettuata ogni anno per<\/strong><br \/>\nVeicoli destinati al trasporto di persone con numero di posti superiore a nove compreso quello del conducente<br \/>\nTaxi e veicoli adibiti a noleggio con conducente<br \/>\nAutoambulanze<br \/>\nAutoveicoli destinati al trasporto di cose e rimorchi di massa complessiva superiore a 3,5 tonnellate<br \/>\nVeicoli atipici (es. auto elettriche leggere)<br \/>\nIl termine per la prima revisione \u00e8 dato dall&#8217;anno di prima immatricolazione e dal mese di rilascio della carta di circolazione.<br \/>\nIl termine per le revisioni successive \u00e8 dato dal mese della precedente revisione.<br \/>\n<a class=\"Stile2\" href=\"mailto:Srl.autocar@tiscali.it?subject=richiesta%20di%20prenotazione%20revisione%20automezzo&amp;body=%20Si%20prega%20di%20inserire%20anche%20un%20contatto%20telefonico.%20Sarete%20ricontattati%20nel%20minor%20tempo%20possibile,%20grazie.%20\">Contattaci per prenotare la revisione del tuo automezzo<\/a><\/p>\n<p><strong>Dove fare la revisione<\/strong><br \/>\nLa revisione pu\u00f2 essere effettuata presso gli uffici del Dipartimento trasporti terrestri (Dtt, ex Motorizzazione Civile) oppure presso la nostra officina autorizzata.<br \/>\nPer effettuare la revisione presso gli uffici del Dtt \u00e8 necessario:<br \/>\nCompilare l&#8217;apposita domanda di revisione<br \/>\nAllegare la ricevuta di versamento di 45,00 euro sul c\/c postale n. 9001 intestato a Dipartimento trasporti terrestri, Roma<br \/>\nPresentare la carta di circolazione in originale<br \/>\nPresso le officine autorizzate, il costo della revisione \u00e8 di 66,88 euro tutto compreso.<br \/>\n<a class=\"Stile2\" href=\"mailto:Srl.autocar@tiscali.it?subject=richiesta%20di%20prenotazione%20revisione%20automezzo&amp;body=%20Si%20prega%20di%20inserire%20anche%20un%20contatto%20telefonico.%20Sarete%20ricontattati%20nel%20minor%20tempo%20possibile,%20grazie.%20\">Contattaci per prenotare la revisione del tuo automezzo<\/a><\/p>\n<p><strong>L&#8217;esito della revisione<\/strong><br \/>\nAl termine del controllo, viene rilasciata un&#8217;etichetta adesiva attestante l&#8217;esito della revisione.<br \/>\nL&#8217;etichetta va applicata sulla carta di circolazione e pu\u00f2 riportare una delle seguenti diciture:<br \/>\n&#8220;Revisione regolare&#8221;, se il veicolo ha superato regolarmente la revisione<br \/>\n&#8220;Revisione ripetere&#8221;, se il veicolo non ha superato la revisione e deve ripresentarsi al controllo dopo un mese (in questo periodo il veicolo pu\u00f2 circolare solo se vengono riparate le anomalie riscontrate e si possiede relativo certificato rilasciato dall&#8217;officina)<br \/>\n&#8220;Revisione ripetere \u2013 sospeso dalla circolazione&#8221;, se il veicolo non ha superato la revisione ed \u00e8 necessario presentare una nuova richiesta di revisione (in questo caso il veicolo potr\u00e0 circolare solo in giornata, per essere portato dal meccanico e nel giorno della nuova revisione).<br \/>\n<a class=\"Stile2\" href=\"mailto:Srl.autocar@tiscali.it?subject=richiesta%20di%20prenotazione%20revisione%20automezzo&amp;body=%20Si%20prega%20di%20inserire%20anche%20un%20contatto%20telefonico.%20Sarete%20ricontattati%20nel%20minor%20tempo%20possibile,%20grazie.%20\">Contattaci per prenotare la revisione del tuo automezzo<\/a><\/p>\n<p><strong>Cosa viene controllato<\/strong><br \/>\nLa revisione dura circa 20\/25 minuti, durante i quali vengono controllati:<br \/>\nLo stato della carrozzeria (presenza di ammaccature gravi, corrosioni, etc.) compresi paraurti, parabrezza, specchietti retrovisori e cinture di sicurezza<br \/>\nL&#8217;impianto elettrico e il funzionamento del clacson e delle luci (anabbaglianti, abbaglianti, luci di posizione, di direzione, di arresto e della targa)<br \/>\nIl funzionamento dei tergicristalli e lo stato del sistema lavavetri<br \/>\nLa rumorosit\u00e0 e le emissioni inquinanti emesse dal tubo di scarico<br \/>\nL&#8217;efficienza del sistema frenante<br \/>\nLo stato di sterzo, assi, sospensioni, ruote e pneumatici<br \/>\nL&#8217;identificazione del veicolo attraverso targa e numero di telaio<br \/>\n<a class=\"Stile2\" href=\"mailto:Srl.autocar@tiscali.it?subject=richiesta%20di%20prenotazione%20revisione%20automezzo&amp;body=%20Si%20prega%20di%20inserire%20anche%20un%20contatto%20telefonico.%20Sarete%20ricontattati%20nel%20minor%20tempo%20possibile,%20grazie.%20\">Contattaci per prenotare la revisione del tuo automezzo<\/a><\/p>\n<p><strong>La revisione straordinaria<\/strong><br \/>\nPu\u00f2 essere stabilita in qualunque momento dal Dtt e in genere viene ordinata in caso di incidente stradale nel quale il veicolo abbia subito danni gravi oppure segnalazione da parte delle forze dell&#8217;ordine di dubbi sulla persistenza dei requisiti di sicurezza, rumorosit\u00e0 ed inquinamento prescritti dalla legge. Segue la stessa procedura della revisione ordinaria.<br \/>\n<a class=\"Stile2\" href=\"mailto:Srl.autocar@tiscali.it?subject=richiesta%20di%20prenotazione%20revisione%20automezzo&amp;body=%20Si%20prega%20di%20inserire%20anche%20un%20contatto%20telefonico.%20Sarete%20ricontattati%20nel%20minor%20tempo%20possibile,%20grazie.%20\">Contattaci per prenotare la revisione del tuo automezzo<\/a><\/p>\n<p><strong>Rischi e sanzioni se si circola con la revisione scaduta<\/strong><br \/>\nSe si viene fermati con la revisione scaduta, \u00e8 prevista una multa da 155 a 624 euro, che raddoppia se si \u00e8 recidivi. Se si viene fermati in autostrada, oltre alla multa, c&#8217;\u00e8 il fermo amministrativo del mezzo. In tutti i casi viene inoltre ritirato il libretto di circolazione, che viene restituito solo dopo aver superato la revisione presso gli uffici del Dtt (i veicoli con libretto di circolazione sequestrato non possono fare la revisione in un&#8217;officina privata).<br \/>\nInoltre, il veicolo non revisionato non \u00e8 coperto dall&#8217;assicurazione. In caso di incidente con danni a terzi, quindi, la compagnia assicuratrice si pu\u00f2 rivalere sull&#8217;assicurato che deve pagare personalmente il risarcimento.<br \/>\nL&#8217;art. 80 si applica anche ai veicoli stranieri di cui si accerti la revisione scaduta secondo le regole dei paesi d&#8217;origine.<br \/>\n<a class=\"Stile2\" href=\"mailto:Srl.autocar@tiscali.it?subject=richiesta%20di%20prenotazione%20revisione%20automezzo&amp;body=%20Si%20prega%20di%20inserire%20anche%20un%20contatto%20telefonico.%20Sarete%20ricontattati%20nel%20minor%20tempo%20possibile,%20grazie.%20\">Contattaci per prenotare la revisione del tuo automezzo<\/a>[\/vc_column_text][\/vc_column][\/vc_row]\n<\/div>","protected":false},"excerpt":{"rendered":"<p>[vc_row css=&#8221;.vc_custom_1469007824838{padding-top: 20px !important;background-color: #ffffff !important;}&#8221;][vc_column][vc_column_text] Centro Revisioni a Villa San Pietro [\/vc_column_text][vc_separator css=&#8221;.vc_custom_1497374594782{padding-top: 10px !important;padding-bottom: 10px !important;}&#8221;][vc_column_text] Autocar S.r.l. esegue con competenza e professionalit\u00e0 l&#8217;attivit\u00e0 di centro revisioni. Per questo servizio siamo in grado di Revisionare Auto Moto Motocicli Tricicli, Quadricicli. La fascia degli automezzi arriva sino ai 35 q.li, e stiamo lavorando con&hellip;<\/p>\n","protected":false},"author":1,"featured_media":0,"parent":0,"menu_order":0,"comment_status":"closed","ping_status":"closed","template":"","meta":{"footnotes":"","_joinchat":[]},"jetpack_sharing_enabled":true,"_links":{"self":[{"href":"https:\/\/www.autocar-srl.com\/website\/wp-json\/wp\/v2\/pages\/12"}],"collection":[{"href":"https:\/\/www.autocar-srl.com\/website\/wp-json\/wp\/v2\/pages"}],"about":[{"href":"https:\/\/www.autocar-srl.com\/website\/wp-json\/wp\/v2\/types\/page"}],"author":[{"embeddable":true,"href":"https:\/\/www.autocar-srl.com\/website\/wp-json\/wp\/v2\/users\/1"}],"replies":[{"embeddable":true,"href":"https:\/\/www.autocar-srl.com\/website\/wp-json\/wp\/v2\/comments?post=12"}],"version-history":[{"count":4,"href":"https:\/\/www.autocar-srl.com\/website\/wp-json\/wp\/v2\/pages\/12\/revisions"}],"predecessor-version":[{"id":83,"href":"https:\/\/www.autocar-srl.com\/website\/wp-json\/wp\/v2\/pages\/12\/revisions\/83"}],"wp:attachment":[{"href":"https:\/\/www.autocar-srl.com\/website\/wp-json\/wp\/v2\/media?parent=12"}],"curies":[{"name":"wp","href":"https:\/\/api.w.org\/{rel}","templated":true}]}}